 -u - 2. Let p be f(-3). Suppose 5*a - 20 = 0, -39*d + 2*a - 14 = -41*d. Let b(g) = 4 - 9*g**3 + 12*g**3 - d - 2*g**2. Give b(p).
2
Let w(o) = 9*o - 1. Let r(p) = -4*p + 14. Let x(u) = 4*u - 15. Let z(l) = 3*r(l) + 4*x(l). Let q be z(5). Determine w(q).
17
Let i(l) = 9*l**3 - 54*l**2 - 33*l - 8. Let m(f) = -4*f**3 + 23*f**2 + 14*f + 4. Let d(x) = -2*i(x) - 5*m(x). Calculate d(4).
-4
Let v(p) = p**3 - 2*p**2 + 1. Let g = 12 + -10. Let u be v(g). Let d(r) = 1 + 13852*r**3 - 27704*r**3 - 2*r + 13843*r**3. Give d(u).
-10
Let h be (-9)/(-6)*8/28*7. Let w(m) = -m + 5. Let o(n) = 3*n - 14. Let d(r) = -3*o(r) - 8*w(r). Calculate d(h).
-1
Let u(i) be the first derivative of -i**4/12 - 3*i**3/2 + 3*i**2 + 43*i + 35. Let n(c) be the first derivative of u(c). Calculate n(-9).
6
Let h(p) = -p**3 + 2*p**2 - p + 1. Let g = 266 - 279. Let d(k) be the first derivative of -3*k**2/2 - 36*k - 7. Let r be d(g). Determine h(r).
-11
Suppose -4*v + 37 = -4*i + 9, -3*i - 17 = -v. Let r(b) = 7 + 4 - v + 4 - 5 + 2*b. Calculate r(-6).
-4
Let r = 54044 - 54036. Let t(m) = 0*m**3 + 3*m - 2*m**3 - 19 + 8*m**2 + m**3. Calculate t(r).
5
Let s = 292 - 270. Let p = s - 18. Let k(d) = d**2 + d - 1. Let c(u) = -5*u**2 + 7. Let v(t) = c(t) + 4*k(t). Calculate v(p).
3
Let i(s) = -29 + 24*s - 29*s + 2*s**2 + 18*s + 0*s**2 - 1. What is i(3)?
27
Let b(o) = o**3 - 29*o**2 + o - 27. Suppose -22*a - 126*a - 1274 = -5566. Calculate b(a).
2
Suppose -4*w + 20 = p, 33*p - w = 37*p - 5. Let l(a) = 33*a + 1. Give l(p).
1
Let i(o) be the third derivative of o**6/120 - o**5/20 + o**4/12 - o**3/2 + 3*o**2 + 7*o. Let f = 3 + -1. Let d be i(f). Let h(t) = -t - 4. Calculate h(d).
-1
Let v(o) = -8*o + 9. Let g(t) = t - 1. Let j(c) = -18*g(c) - 2*v(c). Let d(a) = 3*a + 12. Let k be d(-2). Calculate j(k).
-12
Let r(w) = w**3 - 5*w**2 - 7*w + 10. Let c(i) = i**3 - 5*i**2 - 7*i + 10. Let l(x) = 7*c(x) - 6*r(x). Suppose -123*z + 193*z = 420. What is l(z)?
4
Suppose 6*p - 492 = -0. Let d = -83 + p. Let u(v) = 2*v - 4*v - 2*v**3 + 3*v - 4*v**3. Determine u(d).
5
Let b(j) = 5*j**3 - 37*j**2 - 23*j + 10. Let o(t) = -9*t**3 + 70*t**2 + 46*t - 22. Let k(z) = 7*b(z) + 4*o(z). Determine k(22).
4
Let y(p) = 21*p**2 + 11*p + 7. Let h(a) = -11*a**2 - 6*a - 4. Let j(f) = -7*h(f) - 4*y(f). Determine j(-1).
-5
Let a(l) = 32973*l**2 - 4*l**3 - 32971*l**2 + 1 + 3*l - 3*l. Give a(-1).
7
Let f(j) = j**3 + 14*j**2 + 14*j + 10. Let n be f(-13). Let h(s) = -5*s**2 + 53*s - s**3 + 45*s - 2 - 102*s. What is h(n)?
-8
Let i = -474 + 478. Suppose -9 = -i*g - 5*q + 4, -5*g - 10 = q. Let s(x) = -x**3 - 4*x**2 + 2. Determine s(g).
-7
Let q(t) = -8*t**2 - 9*t + 17. Let f(g) = -g**2 - g + 2. Let z(x) = -x**3 + 8*x**2 + 6*x - 24. Let a be z(9). Let k(c) = a*f(c) + 6*q(c). Give k(2).
6
Suppose 4*o + 5*c = -73, 5*o - 10*o - 2*c - 70 = 0. Let u(y) = -y**3 - 12*y**2 + 3*y + 25. What is u(o)?
-11
Let i be (-240)/400 - (3/(-5) - 2). Let q(j) = -19*j**2 + 37*j**i + 27*j - 17*j**2 - 15*j + 5. Calculate q(-12).
5
Let u(n) be the first derivative of -n**6/120 - n**5/60 + n**4/12 + 93*n**2/2 - 67. Let j(q) be the second derivative of u(q). Determine j(-2).
0
Let l(h) be the third derivative of 0*h - 4/3*h**3 - 105*h**2 + 0 - 1/12*h**4. Calculate l(-8).
8
Suppose 10*r + 11*r = -3*r. Let k(b) be the second derivative of -13*b + 0 + 5/3*b**3 + r*b**2. What is k(1)?
10
Suppose 5*y + 11 = 21. Suppose y*a = 15*a. Let p(h) = h**3 - h. Determine p(a).
0
Let n be -14*(-15)/315*3. Let v(p) be the third derivative of 0*p + 1/2*p**3 + 1/3*p**4 + 0 - n*p**2. Give v(-2).
-13
Suppose -61*t - 25 = -330. Let n(g) = -5*g**3 - 15*g**3 + t*g + 27*g**3 + 2 + 2 - 8*g**3. Determine n(-2).
2
Suppose -4*k + 9 = -i, 3*i - 403 = -k - 378. Let g(o) = 22*o - 82. Give g(k).
6
Suppose -4*h + 1 = 2*f + 3*h, -h = 2*f - 7. Let x(o) = 16*o - 19. Calculate x(f).
45
Let o(j) = -3*j + 5. Let i = -12501 - -12507. Determine o(i).
-13
Let u be (-512)/(-20) - 3 - 42/70. Suppose -5*a + 2*f = -0*f + u, -a = 4*f. Let w(t) = t**2 + 2*t - 3. Determine w(a).
5
Suppose -83 = -5*n + 2*q - 161, -68 = 4*n + 4*q. Let i(h) = h**3 + 16*h**2 + 5*h + 6. Give i(n).
-74
Let m(n) = 4 - 8*n - 637*n**3 + 12 + 1276*n**3 - 640*n**3 + 8*n**2. What is m(7)?
9
Let a(c) be the third derivative of -c**4/12 - 5*c**3/2 + 1866*c**2. What is a(6)?
-27
Let x be 0/(1/((-4)/8)). Let j(d) be the first derivative of -d**5/20 + d**4/12 - 11*d**2/2 + 6*d + 22. Let b(a) be the first derivative of j(a). Give b(x).
-11
Let n(r) be the third derivative of r**6/120 - r**5/60 + 5*r**4/24 + 2*r**3/3 - r**2 - 138. Determine n(-3).
-47
Let w(i) = 64*i**2 + 7*i - 10. Let f(v) = -192*v**2 - 20*v + 28. Let z(o) = -6*f(o) - 17*w(o). Give z(-1).
65
Let b(n) be the second derivative of n**3/6 - n**2 - 2*n. Let l = 333 + -322. Suppose -8 = -15*c + l*c. Give b(c).
0
Let g be 2 + 4 + 1 + -6. Let b(y) = 3*y - 1. Let o(u) = u**2 - 3. Let d(p) = g*o(p) - 4*b(p). What is d(11)?
-10
Suppose 18*l + 30 = -6. Let f(c) = -c**3 + 8*c**2 + 2*c + 1. Let g(p) = p**3 - 10*p**2 - p - 1. Let n(t) = l*g(t) - 3*f(t). What is n(4)?
-17
Let y(u) be the second derivative of -u**5/20 + 5*u**4/6 + 5*u**3/6 + 134*u. Let f(r) = -2*r**2 - r. Let p(w) = -11*f(w) - 2*y(w). Calculate p(-2).
-10
Let a(k) = -k - 1. Let d = 69 + -66. Let f(p) = d*p**2 + 9*p + 8 + 1 - p**3 - 6. Let w(i) = -6*a(i) - f(i). What is w(4)?
7
Let g(u) = -u**3 + 7*u**2 - 7*u + 11. Let v(b) = -2*b**3 + 68*b**2 + 79*b - 310. Let o be v(35). Calculate g(o).
26
Suppose -172*n = -26*n - 730. Let p(m) = 2*m**3 - 10*m**2 + 3*m - 10. Give p(n).
5
Let h(d) = -8 + 5*d**3 - 6*d**3 + 7*d**2 + 1. Suppose l - j = -3*j + 14, -j + 10 = l. Let q(w) = w**3 - 5*w**2 - 6*w + 7. Let y be q(l). Determine h(y).
-7
Let j(a) be the third derivative of -50*a**2 + 0*a + 0 + 1/3*a**3 + 1/8*a**4. Determine j(2).
8
Let h(q) be the second derivative of q + 7/6*q**3 + 0 + 1/2*q**2. Suppose 0 = -2*p + 4*s + 14, 0 = -30*p + 35*p - s + 1. Determine h(p).
-6
Let x(g) = -5*g**2 - 16*g - 45. Let b(l) = l**2 + 3*l + 9. Let n(w) = -11*b(w) - 2*x(w). Let j = 529 + -529. Give n(j).
-9
Let o(d) = -d**3 - 7*d**2 - 10*d - 23. Let m be o(-6). Let b(z) = -3 - z - m + 1 + 4. Give b(4).
-3
Suppose 0 = 103*f - 116*f. Let w(q) be the third derivative of 0*q - 1/24*q**4 + 0 + 1/60*q**5 - 4*q**2 - 1/120*q**6 + 0*q**3. Give w(f).
0
Let n(h) = -h**3 - 4*h**2 - 5*h - 3. Let g be (15/2)/(12/8). Suppose -2*c = l + 3, 2*c = -8*l + g*l - 9. Calculate n(l).
3
Let b(k) = -5*k**3 + 2*k**2 - k + 2. Let n(d) = -6*d - 124 - 10*d + 6*d - 4*d + 28. Let a be n(-7). Calculate b(a).
-32
Let i(b) = 1. Let a(z) = z**3 + 9*z**2 - 9*z - 16. Let w(u) = -a(u) - 3*i(u). Let k be 186/(-16) - -2 - ((-51)/136)/(-1). Determine w(k).
23
Let l(v) = 2*v + 36. Let m be l(-18). Let c(s) = -s**3 + 2*s + 3. Let n be c(m). Let j be 2*(-5)/(n/3*-2). Let f(p) = p**2 + 2*p - 5. Give f(j).
30
Suppose 0 = 5*x - 2*t + 36, 3*x - 4*t - 2333 = -2391. Let b(v) = v**2 - 2*v + 4 - 7*v**2 - 5. What is b(x)?
-21
Let z(k) = 4*k + 33. Let t = -1938 + 1928. Calculate z(t).
-7
Let p(c) = 6*c**2 - c. Suppose 8*w - 18*w = -20. Suppose 3*b + 3 = -w*a, -a = -2*b - 0*a - 2. Calculate p(b).
7
Suppose 3*h - 9 = 0, -3666 = -59*g + 62*g - 5*h. Let m = 1217 + g. Let j(x) be the first derivative of -x**3/3 - 9*x + 1. Determine j(m).
-9
Let m(v) = v**3 + 6*v**2 + 1. Let g be 9/90 + 38/20. Suppose 2*j - 3*s = 21, -11 = -2*j + g*s + 5. Suppose j*w + 5*t = 1 - 39, w - 4*t - 10 = 0. Calculate m(w).
1
Let h(a) = -34*a**2 + a - 3. Let w = -5597 + 5599. Determine h(w).
-137
Let s = 39 + -35. Suppose -4*b + j = -8*b + 534, -b - s*j + 126 = 0. Let t(m) = -133*m + 6 + 4 + b*m. Calculate t(-9).
1
Let g(l) be the third derivative of -l**5/10 - l**3/6 - l**2. Let k be (-24)/(-22) + (-765)/306 + (-53)/(-22). Determine g(k).
-7
Let c be 3/(-4) - (-756)/112. Let y(r) = r**3 - 8*r**2 + 5*r + 23. Give y(c).
-19
Let k = -21 + 14. Let p(z) = z**3 + 8*z**2 + 8*z - 1. Let l be p(k). Let n(j) be the first derivative of -j**4/4 - 8*j**3/3 + j**2/2 + 6*j + 5. Determine n(l).
-2
Let g be 0/(-1) - 1 - -19. Let a(j) = 4*j**2 + 20 - 3*j + 5*j - 1862*j**3 + 13*j**2 + 15*j + 1861*j**3. Calculate a(g).
2
Suppose 126 = -10*v + 24*v. Let p(q) = q**3 - v*q**2 - 1182*q - 2*q**2 - 6 + 1192*q. What is p(10)?
-6
Let x(u) = 28*u + 63. Let q be x(-16).